- 97460. Suppose 3*m - 3634 = -2*r, -5*r + 215 + x = 2*m. What is the units digit of m?
0
What is the units digit of 2 - (-26181)/3 - 4?
5
Suppose 2*s - 6 = o, 0 = -2*s + s + 4*o - 11. Suppose 3*a = -s*p + 4045, 3*p = -3*a + 4*p + 4069. Suppose a = -10*j + 3895. What is the hundreds digit of j?
2
Let w be -2*4/28 - 4/(-14). Suppose -3*j = -j + 5*d - 20, w = -4*j + 2*d - 8. Suppose j*u - 125 = -u. What is the hundreds digit of u?
1
Suppose 1119 = 2*q + 2*d + 3*d, -3*q = -2*d - 1669. Let g = q - 196. What is the hundreds digit of g?
3
Let j(p) = -357*p - 657. What is the tens digit of j(-25)?
6
Let r be -1 - (-3 - (5 + 52)). Suppose -k = -4*l + 5*l - 68, 2*l + r = k. What is the tens digit of k?
6
Suppose -4*h + 21305 = -11246 - 10805. What is the hundreds digit of h?
8
Suppose n + 5*i = -13 - 3, -4*n - i = 26. What is the units digit of ((-4)/n)/(1 - (-7441)/(-7455))?
5
Let b(c) = -c**3 - 10*c**2 - 4*c + 3. Suppose p = -3*i - 10, i + 2 = -3*p + 4. Let h be b(i). Let o = 62 - h. What is the tens digit of o?
3
Let s = 770 + -747. Suppose 12137 + 1065 = s*c. What is the tens digit of c?
7
Suppose 72 = -37*o + 34*o. Let s be 1/3 - 64/o. Suppose s*h + 288 = 3*j, 3*j = 5*h + 380 - 82. What is the tens digit of j?
9
Let m(x) = -49*x**3 + 5*x**2 - 5*x + 1. Let c = -21 + 17. Let s(v) = -48*v**3 + 4*v**2 - 4*v + 1. Let g(b) = c*s(b) + 3*m(b). What is the tens digit of g(1)?
4
Let y(u) = 270*u**2 - 196*u - 975. What is the tens digit of y(-5)?
5
Let l = 1085 - 657. Let z = -103 + l. What is the hundreds digit of z?
3
Suppose -4*d + 4*j - 5 = -37, 2*j - 19 = -5*d. Suppose 1008 = 13*p + d*p. What is the tens digit of p?
5
Let a(w) = 3*w**2 - 2*w - 4. Let u be a(2). Let i be 70 + (3 - -1)/4. Suppose h - 71 = -s - u*h, -s + i = -h. What is the tens digit of s?
7
Let p be (-5070)/(-6) - (1 - 1). Let s be 20/(-12)*32271/(-155). Suppose -5*u + 2*f + p = -f, 2*u - s = 3*f. What is the units digit of u?
6
Let t be 8620/28 + 4 + (-3)/(-21). Suppose t*c = 306*c + 3456. What is the hundreds digit of c?
5
Let a = 530 - 547. Let p = 204 + a. What is the tens digit of p?
8
Suppose 9*x + 2161 = -1799. What is the units digit of x/(-1) - (-6)/(-9)*6?
6
Let k = -6467 - -9219. Suppose 6*t = t + 2*b + k, -3*b = t - 564. What is the units digit of t?
2
Let m(u) = 36*u + 55. Let s(a) = 179*a + 273. Let l(x) = 11*m(x) - 2*s(x). What is the units digit of l(21)?
7
Suppose 4*d = -5*k + 76123, -8*k + 5958 = -2*d + 44030. What is the tens digit of d?
3
Suppose s = 3*s - 2*b - 10, -53 = -5*s - 2*b. What is the hundreds digit of ((-449280)/(-35))/s + (-4)/14?
4
Suppose -3*a = 4*c + 11, -3*a - 2*c + 4 - 5 = 0. Suppose 163 - 46 = a*i. What is the units digit of i?
9
What is the hundreds digit of 5*2/(-4) + 2923509/498?
8
Let s = 3839 + -2300. Suppose -4*l = -533 - s. What is the hundreds digit of l?
5
Suppose 10*r = -299 + 2429. Suppose 0 = 6*s - 3*s - r. Suppose 3*b + 5 - s = 0. What is the units digit of b?
2
Let z(b) = 3*b + 0*b + 8*b + 5*b - 15*b + 125. Suppose 5*j - s + 5 = 4*s, 0 = -4*j - 3*s + 3. What is the tens digit of z(j)?
2
Let s(v) = 20*v**2 - 591*v - 480. What is the thousands digit of s(54)?
5
Let b(p) = p + 23. Let h be b(-5). Suppose -h*x + 3759 = -1767. What is the hundreds digit of x?
3
Suppose -2*u = 11*u - 1079. Let g be u/(-3) + ((-10)/(-6) - 1). Let z = 96 - g. What is the tens digit of z?
2
Suppose -57 = q - 75. Suppose -q*o + 11205 = 549. What is the hundreds digit of o?
5
Let c(u) = -44*u - 101. Let m = -78 - -70. What is the units digit of c(m)?
1
Let q(n) = -268*n - 1469. What is the thousands digit of q(-40)?
9
Suppose 7*b + 6*b = 10842. Suppose -a + 4*s = -918, -s + b = 5*a - 3861. What is the units digit of a?
8
Suppose -48443 - 38292 = -5*f + 2*q, 3*f + 4*q = 52041. What is the hundreds digit of f?
3
Let c(f) = 2*f**2 + 6*f - 27. Let v be c(-18). Let j be 1/6 + (-5)/30. Suppose 4*o + 0*o - 12 = j, -4*b + v = -o. What is the tens digit of b?
2
What is the hundreds digit of (-5)/1 + 808722/251?
2
Suppose 109*x + 65*x = 2020308 + 1252806. What is the tens digit of x?
1
Suppose -4*w - 7*a + 3*a + 26460 = 0, -5*a + 6635 = w. What is the units digit of w/(5/1) - 1?
1
Suppose 9*w = 6*w - 33. Let q(u) = u**3 + 13*u**2 + 22*u - 2. Let g be q(w). What is the units digit of 4*g/(-8) + -3 + 82?
0
Let n(i) = 561*i**2 - 20*i - 19. Let g be n(-1). Let o = g + 299. What is the tens digit of o?
6
Suppose 273 + 101 = -22*m. Let p = 248 - m. What is the hundreds digit of p?
2
Let u = 61 + -56. Suppose 12 = -u*n + 7*n. Suppose -s + 511 = n*s. What is the tens digit of s?
7
Let g(k) = k**3 - 2*k**2 - 11*k + 24. Let t be g(2). Suppose t*o - d = 66, 2*o - 47 = o + 4*d. What is the units digit of o?
1
Let z(x) be the first derivative of 7 + 1/4*x**4 - 2*x - 3*x**3 + 5*x**2. What is the units digit of z(8)?
4
Let f = -108 + 86. Let p be -4 + (f - 0) + 0. Let q = p - -115. What is the tens digit of q?
8
Suppose 0 = -5*r - n + 27 - 16, 4*r - 3*n - 5 = 0. Suppose -3*g + 4524 = 3*w, -2*w = -r*g + w + 3006. What is the units digit of g?
6
Suppose -460 = 8*o - 36. Let b = -31 - o. Let i = 76 + b. What is the tens digit of i?
9
Let z = -55687 + 82579. What is the tens digit of z?
9
Let i(g) = -g**3 - 14*g**2 - 141*g + 48. What is the hundreds digit of i(-31)?
7
Let s be 2 - (30 + -3 + 4). Let j = -26 - s. Suppose -597 = -4*w - j*q - 14, 2*w - q = 289. What is the tens digit of w?
4
Let d(o) = 5*o**3 - 6*o**2 + 9*o + 4. Let h be d(4). Suppose -4*r = 4*x + 680, -4*x + 3*r = -9*x - 842. Let g = h + x. What is the tens digit of g?
9
Suppose 10 = 11*w - 34. Suppose 203 = -3*k + w*k. What is the tens digit of k?
0
Let b(r) = -1990*r**3 + 8*r**2 + 9*r + 5. What is the hundreds digit of b(-2)?
9
Let n = 458 - 316. Suppose 136*j = n*j - 4752. What is the units digit of j?
2
Suppose -8*y + 151 - 55 = 0. Suppose -y = 3*w, -5*o + 56 = 3*w - 7*w. Let v = o - -95. What is the tens digit of v?
0
Let z(j) = 69*j**2 - 39*j + 10. Let k be z(-7). Suppose -k + 24922 = 18*f. What is the units digit of f?
1
What is the thousands digit of (34/18 - 2) + (-1076866)/(-63)?
7
Let m(g) = g**3 + 4*g**2 - 11*g - 7. Let q(d) = 6*d + 38. Let n be q(-6). Suppose 4 = -n*h - 6. What is the tens digit of m(h)?
2
Suppose 3*h + 14860 = 4*v, 12*h - 7*h - 3692 = -v. What is the units digit of v?
2
Let g = 21 + -19. Suppose -g*x + 6*x - 236 = 0. Let r = x + -26. What is the tens digit of r?
3
Let r(z) = 55*z**3 + 8*z**2 - 20*z + 66. What is the ten thousands digit of r(8)?
2
Let j(u) = -2*u - 30. Let h be j(-16). Suppose 0 = 15*m - 3*m - 168. Suppose 1428 = m*w - h*w. What is the hundreds digit of w?
1
Let z(w) = -2*w**2 - 1. Let g be z(8). Let b = 285 - g. Suppose 0 = 6*m - b - 54. What is the units digit of m?
8
Suppose 2*w - 4*w = -6. Let f be (-8)/(8/(-9)) + -17. What is the units digit of (3/w)/(-1 - f/6)?
3
Suppose 3*w = s + 26 + 10, -w + 12 = -4*s. Suppose 54000 = -w*c + 39*c. What is the tens digit of c?
0
Suppose -23*k + 44*k = 198*k - 5092998. What is the tens digit of k?
7
Let g(i) = -i**2 - 24*i - 24. Let w be g(-24). Let y(c) = -c**3 - 23*c**2 + 26*c + 50. Let s be y(w). Suppose 3300 = 17*l - s*l. What is the tens digit of l?
2
Let a = 6138 - -17950. What is the tens digit of a?
8
Let p = -311 + 131. Let q = p - -203. What is the tens digit of q?
2
Suppose -2921 = -9*o - 14*o. Let n be ((-33)/2)/(3/12). Let t = o + n. What is the units digit of t?
1
Suppose 18*y - 89177 = 368401. What is the thousands digit of y?
5
Let c be (-42064)/(-5) - 3/(-15). What is the units digit of (-104)/(-780) - c/(-15)?
1
Suppose 2*r - 19293 - 17417 = -4*y, -45889 = -5*y - 2*r. What is the hundreds digit of y?
1
Suppose 6*y + 2 - 32 = 0. Suppose -x = -4*u + 720, u = -4*u - y*x + 900. What is the hundreds digit of u?
1
Let j(q) = -229*q + 306. What is the hundreds digit of j(-19)?
6
Let f = -336 + 331. Let n(b) = -12*b + 208. What is the units digit of n(f)?
8
Let x(f) = 13*f**3 - 9*f**2 + 19*f - 15. Let u be x(6). Let r = u + -1451. What is the hundreds digit of r?
1
Let a(v) = v**3 - 8*v**2 + 2*v + 4. Let r be a(8). What is the tens digit of 550/(-3)*(-96)/r?
8
Let q = -90 + 172. Let h = -79 + q. Let p(i) = 8*i**2 - 4*i - 10. What is the tens digit of p(h)?
5
Suppose -25*a = -19*a - 40722. Suppose -833 = -6*g + a. What is the 